 - 42*k + 11. What is s(-21)?
11
Let v(q) = -q**3 + 5*q**2 + 6*q - 7. Give v(6).
-7
Let z(a) = -a**3 + 8*a**2 - 6*a + 5. Calculate z(2).
17
Let k(c) = -c**2 + 7*c - 14. What is k(12)?
-74
Let a(f) = -6*f**2 - 29*f - 3. Calculate a(-5).
-8
Let r(g) = -7*g**3 - 2*g - 2. Give r(-1).
7
Let l(f) = -f**3 + 9*f**2 - 5*f + 42. Calculate l(9).
-3
Let o(a) = a**3 - 4*a**2 - 6*a + 6. Determine o(5).
1
Let s(x) = -x**3 - 5*x**2 + 7*x + 7. Determine s(-6).
1
Let r(g) = -7*g - 1. What is r(1)?
-8
Let a(n) = -13*n - 599. Calculate a(-46).
-1
Let z(b) = 37*b - 883. Determine z(24).
5
Let s(o) = -o**3 - 22*o**2 + 2*o + 40. Give s(-22).
-4
Let h(w) = -w**3 + 3*w**2 - 2*w + 4. Give h(3).
-2
Let t(u) = 14*u + 709. Give t(-51).
-5
Let v(n) = n**3 + 13*n**2 + 11*n - 13. Determine v(-12).
-1
Let h(n) = -n**3 - 15*n**2 - 5*n + 130. Determine h(-14).
4
Let z(i) = i**3 + 10*i**2 + 7*i - 22. Give z(-9).
-4
Let j(s) = s**3 - 6*s**2 - 2*s + 13. Calculate j(6).
1
Let h(y) = -16*y**2 + 3*y + 3. Determine h(-1).
-16
Let x(k) = -10*k + 115. What is x(11)?
5
Let i(b) = -2*b**2 - 10*b + 6. Give i(-6).
-6
Let r(x) = -11*x - 2. Determine r(2).
-24
Let h(t) = 2*t**3 - 37*t**2 + 19*t + 9. Give h(18).
27
Let f(v) = -v**3 + 10*v**2 - 26*v - 2. Calculate f(6).
-14
Let v(u) = -11*u**2 - u + 1. Determine v(1).
-11
Let b(m) = 6*m + 48. Determine b(-5).
18
Let c(a) = -a**2 + 20*a - 3. Give c(15).
72
Let c(q) = -4*q**3 + 17*q**2 - 6. What is c(4)?
10
Let d(g) = g + 3. Calculate d(-4).
-1
Let g(b) = b**3 + b**2 + b - 27. Determine g(0).
-27
Let p(i) = -i**3 + 6*i**2 + 4*i - 4. Calculate p(6).
20
Let t(k) = 2*k**2 - 19*k + 40. What is t(6)?
-2
Let u(k) = -k**2 - 62*k - 478. Calculate u(-9).
-1
Let a(q) = q**2 + q + 2. What is a(-2)?
4
Let c(y) = -2*y**2 - 62*y - 164. Give c(-28).
4
Let h(j) = -84*j**3 - j + 1. Determine h(1).
-84
Let g(c) = c**2 - 40*c - 80. What is g(42)?
4
Let m(s) = -8*s**3 + 3*s**2 - 5*s + 2. Calculate m(1).
-8
Let d(n) = -n**2 + 8*n - 4. Calculate d(7).
3
Let p(k) = 39*k + 84. Calculate p(-2).
6
Let h(g) = -2*g**2 + 6*g + 1. Give h(-2).
-19
Let f(v) = 4*v**2 + 33*v - 3. Determine f(-8).
-11
Let x(z) = 16*z - 91. What is x(6)?
5
Let g(b) = -b**2 - 16*b - 30. What is g(-15)?
-15
Let t(o) = o**3 - 9*o**2 + 2*o - 10. Determine t(6).
-106
Let d(n) = 2*n**2 - 5*n + 7. What is d(4)?
19
Let s(z) = -14*z - 56. Calculate s(-7).
42
Let w(a) = -18*a - 20. Give w(7).
-146
Let r(c) = c**3 + 14*c**2 - 21*c - 80. What is r(-15)?
10
Let r(y) = 2*y - 6. Calculate r(8).
10
Let q(y) = y**3 + 16*y**2 - 6*y - 35. Give q(-16).
61
Let h(w) = w**3 - 12*w**2 - 14*w - 15. What is h(13)?
-28
Let f(p) = -7*p - 96. What is f(-13)?
-5
Let r(b) = b**3 + b + 7. Calculate r(0).
7
Let u(f) = f**2 + 12*f - 31. Determine u(-13).
-18
Let w(t) = -t**3 - 12*t**2 - 9*t + 2. Calculate w(-11).
-20
Let f(l) = -l**3 + 16*l**2 - 2*l + 33. Give f(16).
1
Let m(x) = x**3 - 6*x**2 + x + 2. What is m(6)?
8
Let z(l) = 11*l + 6. Calculate z(-2).
-16
Let n(u) = u**2 + 23*u + 44. What is n(-20)?
-16
Let n(z) = -z**3 - z**2 + 2*z + 1. Give n(-2).
1
Let c(d) = -d**3 + 5*d**2 - 7*d + 34. What is c(5)?
-1
Let w(n) = n**3 - 16*n**2 - 20*n + 34. Calculate w(17).
-17
Let p(g) = g**2 + 3*g - 41. Calculate p(0).
-41
Let g(f) = -f + 4. Determine g(6).
-2
Let c(a) = -a**3 - 16*a**2 + 20*a + 54. Calculate c(-17).
3
Let h(s) = 4*s - 23. Calculate h(9).
13
Let i(u) = -u**2 + 5*u - 6. Calculate i(6).
-12
Let h(a) = a**2 - 6*a - 2. Determine h(-6).
70
Let h(b) = -2*b - 1. Give h(-3).
5
Let g(f) = 8*f - 4. Calculate g(-4).
-36
Let t(j) = 2*j**3 - 68*j**2 + 66*j - 1. What is t(33)?
-1
Let w(f) = -31*f - 1. Calculate w(2).
-63
Let x(t) = 2*t**3 + 13*t**2 - 9*t + 7. Calculate x(-7).
21
Let a(h) = -15*h**3 + 2*h - 1. What is a(1)?
-14
Let k(t) = 162*t - 317. What is k(2)?
7
Let k(i) = -i**3 - i**2 - 2*i + 1. Calculate k(-4).
57
Let z(r) = -r - 27. Give z(-19).
-8
Let b(p) = -58*p + 1. What is b(2)?
-115
Let v(g) = g**2 + g + 22. Determine v(0).
22
Let b(w) = -w**3 + 9*w**2 - 8*w + 2. What is b(5)?
62
Let m(r) = 2*r**3 + r**2 - 4*r - 1. What is m(-2)?
-5
Let h(i) = -2*i**3 + 5*i + 5. What is h(-2)?
11
Let f(s) = 10*s - 33. Give f(3).
-3
Let q(a) = -a - 37. Give q(-12).
-25
Let t(m) = -4*m + 37. Calculate t(13).
-15
Let v(i) = -2*i - 2. Determine v(-1).
0
Let k(m) = 2*m + 102. What is k(-29)?
44
Let y(i) = i**3 - 22*i**2 - 44*i - 101. What is y(24)?
-5
Let g(x) = -37*x - 225. Give g(-6).
-3
Let w(z) = 760*z - 3803. Calculate w(5).
-3
Let c(v) = -6*v**2 - 5*v + 3. Determine c(2).
-31
Let n(w) = -w**3 + 11*w**2 - 9*w - 4. What is n(10)?
6
Let k(h) = 10*h - 14. Give k(-3).
-44
Let c(q) = 2*q**3 + q**2 + 4*q + 2. Calculate c(-3).
-55
Let x(h) = h - 45. Determine x(26).
-19
Let q(d) = d**3 - 11*d**2 - 9*d - 20. Determine q(12).
16
Let t(p) = p**3 - 25*p**2 + 45*p + 16. Calculate t(23).
-7
Let m(b) = -5*b - 91. Calculate m(-21).
14
Let f(q) = 6*q**2 + 32*q - 22. What is f(-6)?
2
Let f(a) = -a - 63. Determine f(12).
-75
Let v(w) = -w**3 + 12*w**2 + 18*w - 75. Determine v(13).
-10
Let q(z) = -z**3 - 4*z**2 - 4*z - 6. What is q(-4)?
10
Let u(b) = -b**2 - 13*b + 11. What is u(-7)?
53
Let k(o) = -2*o**3 + 8*o**2 + 13*o - 10. Determine k(5).
5
Let l(a) = 23*a**2 + 2. Give l(3).
209
Let y(u) = -5*u - 45. Give y(-9).
0
Let p(b) = b**2 + 6*b + 1. Give p(-4).
-7
Let s(b) = -3*b - 15. Calculate s(-10).
15
Let r(j) = j**2 - j + 16. Calculate r(-5).
46
Let f(c) = -c**2 - 23*c - 105. Calculate f(-8).
15
Let l(x) = -10*x**3 + 4*x**2 - 6. What is l(2)?
-70
Let u(c) = -c**3 - 18*c**2 - 16*c + 9. Calculate u(-17).
-8
Let b(l) = -l**3 + 9*l**2 + 12*l - 6. Determine b(10).
14
Let t(u) = -u**3 - 6*u**2 - 2*u + 7. Give t(-5).
-8
Let j(u) = -3*u**2 + 4*u - 2. Determine j(2).
-6
Let s(t) = -t**3 - 19*t**2 - 17*t + 16. Calculate s(-18).
-2
Let x(b) = -b**3 - b + 4. What is x(0)?
4
Let b(x) = -x**2 + 25*x - 103. What is b(6)?
11
Let x(l) = -3*l**2 + 4*l - 2. What is x(2)?
-6
Let n(b) = -b**3 - 11*b**2 - 26*b - 75. Determine n(-10).
85
Let g(p) = -p**3 - 9*p**2 - 8*p + 4. What is g(-8)?
4
Let a(c) = 2*c**2 + 12*c + 3. Give a(-9).
57
Let m(v) = v**2 + 12*v + 15. What is m(-9)?
-12
Let n(b) = -b**2 - 5*b - 10. Calculate n(-9).
-46
Let p(w) = -w**2 - 12*w + 54. Determine p(-15).
9
Let l(p) = -p**3 - 15*p**2 + 2*p + 26. What is l(-15)?
-4
Let j(p) = p**3 - 55*p**2 + 108*p - 89. Determine j(53).
17
Let r(v) = v**2 - 7*v + 15. Calculate r(10).
45
Let n(m) = -12*m - 131. Give n(-10).
-11
Let t(h) = 2*h**2 - 5*h - 27. Determine t(-3).
6
Let k(r) = r**3 + 6*r**2 - 4*r + 22. Calculate k(-7).
1
Let u(t) = t**3 - 12*t**2 + 6*t + 59. What is u(11)?
4
Let w(t) = -2*t + 17. Calculate w(-23).
63
Let y(d) = 109*d + 2. Give y(1).
111
Let v(k) = 2*k**2 - 2*k - 39. Give v(-5).
21
Let w(h) = 14*h**3 + h**2 - 10*h + 10. Give w(1).
15
Let p(b) = 2*b**3 - 7*b**2 + 6*b + 5. Determine p(4).
45
Let u(b) = -b**2 - 30*b - 87. Calculate u(-27).
-6
Let a(r) = r - 1. What is a(7)?
6
Let x(q) = 2*q**2 - 6*q - 15. Calculate x(-4).
41
Let j(b) = -3*b - 5. Determine j(-5).
10
Let g(k) = -k**2 + k + 2. Calculate g(2).
0
Let s(n) = -6*n + 2. Determine s(-5).
32
Let n(g) = g**3 - 12*g**2 - 28*g - 5. Determine n(14).
-5
Let a(q) = q**2 + 13*q - 2. Give a(-14).
12
Let p(l) = -2*l**2 - 25*l - 21. Calculate p(-12).
-9
Let y(d) = -3*d + 30. Give y(6).
12
Let j(a) = -2*a**2 - 47*a + 12. What is j(-24)?
-12
Let p(c) = c**3 - 2*c**2 + c + 2. Give p(-1).
-2
Let u(n) = -n**3 - 11*n**2 - 6*n + 11. Determine u(-11).
77
Let w(d) = d - 31. Determine w(27).
-4
Let k(l) = -l**2 - 6*l - 2. Calculate k(-5).
3
Let j(s) = -41*s**2 - 121*s + 3. Determine j(-3).
-3
Let d(s) = -s**3 + 6*s**2 + 8*s. Calculate d(7).
7
Let i(b) = 6*b + 53. Determine i(-7).
11
Let u(a) = -3*a**3 - 6*a**2 - 10*a - 16. Calculate u(-4).
120
Let q(r) = 7*r**2 - 92*r + 2. Calculate q(13).
-11
Let n(a) = -10*a + 15. What is n(-4)?
55
Let r(g) = 12*g + 148. Determine r(-6).
76
Let x(d) = d**3 + 3*d**2 + d + 3. Give x(-3).
0
Let p(u) = -u**2 - 40*u - 245. Calculate p(-7).
-14
Let g(x) = -11*x - 57. Determine g(-7).
20
Let v(h) = h**2 - 7*h - 22. What is v(10)?
8
Let s(q) = q**3 - 6*q**2 - 2*q + 7. Calculate s(5).
-28
Let c(m) = -10*m. Calculate c(4).
-40
Let f(p) = 2*p**3 - 7*p**2 - 4*p + 3. Determine f(4).
3
Let b(p) = -p**3 - 8*p**2 - 12*p - 1. Determine b(-6).